 of 46423982.
2, 11, 23, 3989
What are the prime factors of 72909807?
3, 24303269
What are the prime factors of 53751626?
2, 1039, 25867
List the prime factors of 3803468864.
2, 13, 31, 67, 71
What are the prime factors of 944767014?
2, 3, 2333, 67493
List the prime factors of 872348498.
2, 7, 62310607
What are the prime factors of 166620856?
2, 20827607
What are the prime factors of 11523883?
7, 47, 35027
What are the prime factors of 1314159831?
3, 146017759
List the prime factors of 6145234.
2, 191, 16087
What are the prime factors of 534559943?
534559943
What are the prime factors of 18424730?
2, 5, 1842473
What are the prime factors of 1394956689?
3, 7, 2153, 30853
What are the prime factors of 17687382?
2, 3, 2947897
List the prime factors of 187570591.
13, 281, 51347
List the prime factors of 4560017.
7, 11, 59221
List the prime factors of 98714750.
2, 5, 17, 23227
What are the prime factors of 83952190?
2, 5, 7, 73, 2347
What are the prime factors of 819055523?
11, 13, 59, 193, 503
List the prime factors of 11046007.
7, 1578001
What are the prime factors of 905365608?
2, 3, 7, 41, 131441
What are the prime factors of 706497597?
3, 13, 6038441
What are the prime factors of 603876770?
2, 5, 7, 8626811
List the prime factors of 4831840980.
2, 3, 5, 17, 19, 41, 2027
What are the prime factors of 412666499?
7, 199, 296243
What are the prime factors of 51505945?
5, 2657, 3877
What are the prime factors of 137756747?
181, 761087
List the prime factors of 7386029821.
7386029821
What are the prime factors of 75048978?
2, 3, 67, 186689
What are the prime factors of 2846182212?
2, 3, 43, 22699
List the prime factors of 294868738.
2, 147434369
List the prime factors of 1163826051.
3, 2309, 168013
List the prime factors of 1437424414.
2, 718712207
List the prime factors of 3192239049.
3, 41, 25953163
List the prime factors of 1616184970.
2, 5, 139, 263, 4421
What are the prime factors of 230112497?
230112497
What are the prime factors of 2760300373?
19, 83, 281, 6229
What are the prime factors of 68184412?
2, 43, 59, 6719
List the prime factors of 63057603.
3, 7, 3002743
What are the prime factors of 1174594451?
2357, 498343
What are the prime factors of 209604400?
2, 5, 53, 9887
What are the prime factors of 892232016?
2, 3, 13, 1429859
List the prime factors of 891874659.
3, 13, 22868581
What are the prime factors of 85059574?
2, 101, 431, 977
What are the prime factors of 52392996?
2, 3, 1455361
List the prime factors of 269237564.
2, 1831, 36761
What are the prime factors of 244831471?
3623, 67577
List the prime factors of 219237112.
2, 4517, 6067
List the prime factors of 1269623134.
2, 13, 61, 800519
List the prime factors of 333227057.
333227057
What are the prime factors of 7947799?
7947799
List the prime factors of 203296860.
2, 3, 5, 13, 41, 163
List the prime factors of 913389075.
3, 5, 29, 1609
What are the prime factors of 341876045?
5, 7, 9767887
List the prime factors of 610514787.
3, 67, 263, 11549
List the prime factors of 26139208.
2, 29, 307, 367
List the prime factors of 519988381.
11, 3067, 15413
What are the prime factors of 59017661?
79, 103, 7253
List the prime factors of 2267066301.
3, 19, 31, 101, 12703
What are the prime factors of 200015739?
3, 7, 11, 349, 827
What are the prime factors of 198992809?
29, 6861821
List the prime factors of 140998725.
3, 5, 7, 29
What are the prime factors of 201805042?
2, 19, 211, 25169
What are the prime factors of 330419116?
2, 59, 1400081
What are the prime factors of 65947399?
7, 719, 13103
What are the prime factors of 322585412?
2, 2351, 34303
List the prime factors of 40580404.
2, 53, 79, 2423
What are the prime factors of 36449413?
7, 11, 13, 2801
List the prime factors of 50521755.
3, 5, 3368117
What are the prime factors of 341295369?
3, 113, 457, 2203
List the prime factors of 230373192.
2, 3, 7, 53, 25873
What are the prime factors of 361153026?
2, 3, 13, 19, 27077
List the prime factors of 2800496728.
2, 2347, 149153
What are the prime factors of 2449336082?
2, 131, 9348611
List the prime factors of 756494456.
2, 149, 634643
List the prime factors of 94313687.
13, 31, 234029
What are the prime factors of 45085099?
307, 146857
List the prime factors of 4536351636.
2, 3, 7919, 47737
What are the prime factors of 89144649?
3, 11, 97, 9283
List the prime factors of 1659915706.
2, 239, 3472627
List the prime factors of 131660110.
2, 5, 13166011
List the prime factors of 647316456.
2, 3, 31, 870049
List the prime factors of 15157311.
3, 13, 53, 7333
What are the prime factors of 432930734?
2, 29, 73, 102251
List the prime factors of 2900500429.
2083, 1392463
List the prime factors of 323443241.
11, 17, 239, 7237
List the prime factors of 38155379.
41, 930619
What are the prime factors of 5734916913?
3, 11, 191, 389, 2339
What are the prime factors of 1847126593?
13, 131, 307, 3533
List the prime factors of 73072604.
2, 11, 1660741
What are the prime factors of 1524759698?
2, 7, 11, 9901037
What are the prime factors of 46152407?
7, 233, 28297
List the prime factors of 876628384.
2, 19, 73, 19751
List the prime factors of 210823347.
3, 7, 53, 307, 617
List the prime factors of 46016850.
2, 3, 5, 11, 167
What are the prime factors of 1435377?
3, 478459
What are the prime factors of 25002324?
2, 3, 231503
List the prime factors of 195906287.
1229, 159403
List the prime factors of 106870906.
2, 967, 55259
List the prime factors of 45353872.
2, 41, 47, 1471
What are the prime factors of 54641889?
3, 41, 373, 397
What are the prime factors of 234626125?
5, 1877009
What are the prime factors of 225185537?
225185537
What are the prime factors of 40576802?
2, 7, 414049
What are the prime factors of 485562295?
5, 97112459
List the prime factors of 16859096.
2, 43, 49009
What are the prime factors of 1976604852?
2, 3, 29, 5679899
List the prime factors of 146112433.
17, 1907, 4507
What are the prime factors of 4462345?
5, 23, 38803
List the prime factors of 50828707.
571, 89017
List the prime factors of 192179451.
3, 64059817
List the prime factors of 65417060.
2, 5, 23, 142211
List the prime factors of 273352780.
2, 5, 13667639
What are the prime factors of 95329648?
2, 193, 30871
List the prime factors of 29855540.
2, 5, 11, 13, 73
What are the prime factors of 2392791809?
19, 2393, 52627
List the prime factors of 4032084926.
2, 293, 6880691
List the prime factors of 38857448.
2, 7, 29, 71, 337
List the prime factors of 16421612.
2, 47, 113, 773
What are the prime factors of 1302759240?
2, 3, 5, 107, 241, 421
What are the prime factors of 999272295?
3, 5, 7, 41, 8597
List the prime factors of 24492320.
2, 5, 153077
What are the prime factors of 106611427?
13, 8200879
List the prime factors of 235957183.
7, 11, 67, 45737
List the prime factors of 1765263522.
2, 3, 11, 1697, 15761
List the prime factors of 80153723.
13, 19, 191, 1699
What are the prime factors of 127237453?
7, 59, 308081
List the prime factors of 136272295.
5, 37, 736607
List the prime factors of 5538270854.
2, 2769135427
What are the prime factors of 2859360029?
10463, 273283
List the prime factors of 15234985.
5, 41, 74317
List the prime factors of 60375142.
2, 30187571
What are the prime factors of 109351678?
2, 757, 72227
List the prime factors of 667253415.
3, 5, 1709, 26029
List the prime factors of 2406419516.
2, 31, 499, 38891
What are the prime factors of 1442735913?
3, 1151, 417821
What are the prime factors of 805072578?
2, 3, 359, 373757
What are the prime factors of 2429379080?
2, 5, 337, 180221
List the prime factors of 5832383500.
2, 5, 67, 174101
List the prime factors of 515620686.
2, 3, 7, 12276683
What are the prime factors of 33891372?
2, 3, 29, 3607
What are the prime factors of 120815507?
120815507
List the prime factors of 194307586.
2, 11, 17, 519539
What are the prime factors of 4255577744?
2, 11, 19, 6089
List the prime factors of 374047714.
2, 47, 97, 41023
List the prime factors of 302812556.
2, 1249, 60611
List the prime factors of 117373634.
2, 7, 73, 114847
What are the prime factors of 55817193?
3, 19, 569, 1721
What are the prime factors of 74724372?
2, 3, 2075677
What are the prime factors of 4487040729?
3, 498560081
List the prime factors of 132235719.
3, 7, 11, 572449
List the prime fac